a**3 - a**2 - 1. Let q(n) = 7*n**3 + 15*n**2 + 7*n + 4. Let p(j) = q(j) + 6*u(j). Suppose -5*y - 2*x - 44 = 0, 3 = -2*x - 1. Determine p(y).
6
Let y(i) = -11*i**2 - 6*i + 45. Let n(s) = -13*s**2 - 9*s + 47. Let v(c) = -5*n(c) + 6*y(c). Determine v(12).
-1
Suppose -o = -5*k + 13, -4*k - 112 = 3*o - 16. Let d(l) = 19*l + 530. What is d(o)?
-2
Suppose 2*b = 3*b - 4. Let y(m) be the second derivative of 1 + m + 2*m**2 - 1/2*m**3. What is y(b)?
-8
Let x = -517 - -572. Let c be (x/(-35))/(2/14). Let h(g) = 3*g + 6. Let s(b) = -16*b - 30. Let o(t) = -11*h(t) - 2*s(t). Calculate o(c).
5
Let n(m) = 37*m**2 - 31*m + 6. Suppose 2*c - 5*f = 8, -5*c + 5 = 4*f + 51. Let y(v) = 13*v**2 - 11*v + 2. Let a(w) = c*n(w) + 17*y(w). What is a(-2)?
-4
Let a(l) be the second derivative of l**3/3 + 7*l**2 + 2*l. Suppose 124*n = -13*n - 22*n - 1590. Give a(n).
-6
Let y = 357 + -362. Let s be y/(-2)*(-952)/340. Let g(n) = 2*n + 10. Give g(s).
-4
Let g(w) be the second derivative of -w**8/6720 - w**7/504 + w**5/120 + 7*w**4/12 - w**3/3 + 59*w. Let h(y) be the third derivative of g(y). Determine h(-4).
-15
Let x = 198 - 44. Let s = x + -158. Let c(z) = -z**3 - 3*z**2 + 3*z - 2. What is c(s)?
2
Suppose 33*p - 11*p = -220. Let a(k) = 9*k**2 + 14*k + 3. Let o(s) = -2*s**2 - s - 1. Let i(r) = a(r) + 4*o(r). Determine i(p).
-1
Let g(a) = 2*a + 19 - 112 + 54 + 44. Let o be 8/(-20) + (-76)/10. Determine g(o).
-11
Let u(t) be the second derivative of -t**3/6 + t**2 + 940*t. Determine u(5).
-3
Let n(y) = 5*y - 8. Let c = -2231 + 2232. Determine n(c).
-3
Let o(l) = -2*l**2 + 120*l + 8 + 6*l**2 + l**3 + 14*l - 132*l. Give o(-4).
0
Let a(y) = 19*y**2 + 39*y - 20. Let d(x) = -117*x**2 - 237*x + 120. Let o(i) = 37*a(i) + 6*d(i). Determine o(-21).
-20
Suppose -4*y = -y + 3*y. Suppose 14 = -p - 8*n + 4*n, 4*n + 16 = y. Let w(l) = -l**3 + 4*l**2 - 4*l + 3. Determine w(p).
3
Suppose 2*r - p + 9 - 2 = 0, 0 = -5*r - 3*p - 12. Suppose 4*i + 6 - 14 = 0. Let v(m) = -138*m**i + 3*m + 1 + 136*m**2 + 2. Determine v(r).
-24
Let y(z) be the second derivative of -z**3 + 9/2*z**2 + 191*z + 0. Determine y(4).
-15
Let q(b) = 3*b + 4. Suppose 3*m + 2*f = 7, 2*m - 3*f = -2*m + 15. Suppose -3*w = -m*w + 3*w. Suppose 2*d + 2*d - 2*k = -28, 2*k - 8 = w. Determine q(d).
-11
Suppose 220*d - 23*d = -591. Let z(f) = 2*f**2 + 21*f + 51. Determine z(d).
6
Let p(k) be the first derivative of -k**5/20 + k**4/4 + 2*k**3/3 - k**2 - 124*k + 22. Let f(w) be the first derivative of p(w). Give f(4).
-2
Let f(r) be the third derivative of 63*r**2 + 1/2*r**3 - 1/3*r**4 + 1/120*r**6 + 0*r - 1/12*r**5 + 0. Suppose 0 = 5*t, -24 = -2*p - 2*p + 5*t. What is f(p)?
-9
Let a(f) = 9 + 12*f - 10 - 41. Let r be a(4). Suppose 4*z - r = -10. Let j(n) = 2*n - 1. Give j(z).
-3
Let m(a) be the third derivative of 1/15*a**5 + 0*a**3 + 0 + 108*a**2 + 0*a - 1/8*a**4 - 1/120*a**6. Determine m(2).
2
Let c(n) be the second derivative of n**4/12 - 7*n**3/6 + n. Let h = 262 - 251. Suppose 0 = h*p - 139 + 73. Calculate c(p).
-6
Let l = -222 - -223. Let v(u) = u + 113*u**2 - l + u**3 + 11 - 112*u**2. Calculate v(0).
10
Let k(o) be the first derivative of -5*o**2 + 82 - 1/3*o**3 + 12*o. Suppose 2 = -d + 5*c + 16, d + 36 = -5*c. Give k(d).
1
Let u be 3368/(-6)*(-132)/176. Let g = -438 + u. Let p(b) = -2*b - 30. Calculate p(g).
4
Let m(d) = -d + 5. Suppose l = 2*p - 4 - 18, -l = 2*p + 6. Let c be 405/63 + (-2 - 36/l). What is m(c)?
-2
Let c(a) = -3*a - 2. Suppose -u + 4*s = -25, -5*s + 48 = -2*u + 83. Calculate c(u).
-17
Let f(j) be the second derivative of -j**6/30 - 37*j**2/2 - 11*j. Let u(x) be the first derivative of f(x). Suppose -2*d - 1 + 3 = 0. Determine u(d).
-4
Let k(q) = 2281 + 19*q - 14*q - 2333. Give k(12).
8
Let a(i) = -13*i + 1. Suppose 7*r - 15 = -3*c + 6*r, 2*r - 10 = -c. Suppose -8 = 4*q - c. Let h be q + (0 - -4 - 2). Calculate a(h).
-12
Let b(f) = -f**3 + 5*f**2 + 41*f - 11. Let c(o) = 3*o**2 + o - 4. Let n(l) = b(l) + 2*c(l). Determine n(14).
-5
Let b(q) = -33*q**2 - q. Let f be b(1). Let p = f + 37. Let j(m) = p - m + 16*m**2 - 5*m - 15*m**2. Give j(4).
-5
Let c(v) = 7*v + 1. Let r be ((-39)/((-351)/126))/7. Calculate c(r).
15
Let v(a) = -20*a + 17. Let u(o) = -75*o + 37*o - 2 + 41*o. Let q(k) = -21*u(k) - 3*v(k). Give q(-4).
3
Let q(z) be the first derivative of -z**4/24 + 7*z**3/6 + 203*z**2/2 - 202. Let d(b) be the second derivative of q(b). Let k = 2 + -2. Calculate d(k).
7
Let w(y) = -5*y + 23. Let k(x) = x**3 + 17*x**2 - 32*x - 248. Let i be k(-18). Determine w(i).
3
Let k(h) be the first derivative of -3*h**2/2 + 5*h + 2. Let x = 11488 + -11494. Give k(x).
23
Let u(g) be the first derivative of g**4/4 + 10*g**3/3 - 6*g**2 - 18*g - 1408. Determine u(-11).
-7
Let b(f) = -3*f**2 - 9*f + 8. Suppose -10*i - 175 = -10*i + 25*i. Determine b(i).
-76
Let o(p) = -p - 12. Suppose -3*v = 9*v - 12. Let t be (-5 + 1)*(v + 1). Give o(t).
-4
Let g(k) = 0*k + 13 - 2 + 17 - 2*k - 2. What is g(7)?
12
Let r(o) = o**2 - 6*o + 8. Let g = -180 - -182. Suppose -4*b = -g*d + 16, 0*d + 3*d = -5*b + 13. What is r(d)?
8
Let h(p) = 59355 - 59357 - 2*p + 3*p. Let l(a) = a**3 - 3*a**2 - 3*a - 1. Let g be l(4). Give h(g).
1
Let v(u) = -3*u**2 - 44*u - 232. Let r(t) = 4*t**2 + 45*t + 226. Let o(b) = 2*r(b) + 3*v(b). Give o(-7).
1
Let o = 53 + -54. Let g(t) be the first derivative of -t**2 - 2/3*t**3 - t - 5/4*t**4 - 6. What is g(o)?
4
Let u(r) = 93*r**3 - 17*r**2 + 2 + 10*r**2 - r + 5*r**2. Let v be u(1). Let i(x) = -45 + 9*x**3 - 2*x**2 + v - 46. Determine i(-1).
-10
Let y(v) be the second derivative of v**4/6 + 137*v**3/6 - 210*v**2 + 6696*v. Determine y(3).
9
Let a(j) be the third derivative of -j**9/60480 - j**8/2240 - j**7/504 - j**6/80 - 3*j**5 - 35*j**2. Let n(k) be the third derivative of a(k). Determine n(-8).
7
Let a = -206 + 211. Suppose j + 20 + 1 = 5*y, -a*y + 5 = 0. Let i(z) = z**3 + 16*z**2 - z - 9. Calculate i(j).
7
Let j(b) = 3*b + 4. Let l(h) = -1. Let a(c) = 2*j(c) + 6*l(c). Let x be (-48)/(-72)*(-27)/(-9). What is a(x)?
14
Suppose -131*g = -129*g - 144. Let n(r) = g + r + 57 - 151. Calculate n(15).
-7
Let p(y) = y**3 - 9*y**2 - 7. Let o(z) = 99*z - 7813. Let u be o(79). Calculate p(u).
-71
Let h be (-6)/4*26/39. Let l be (-1 + h)*22/(-11). Let z(o) be the second derivative of o**3/2 - o**2 + 367*o. Give z(l).
10
Let n(b) be the first derivative of 2*b**2 - 4*b - 5966. Calculate n(24).
92
Suppose 234*h = 155*h + 553. Let b(k) = 3*k - 38. What is b(h)?
-17
Suppose 0 = -4*l + x - 11, -x + 3*x = -10. Let v(r) = -7*r**3 - 4*r**2 - 7*r - 7. Let z(i) = -2*i**3 - i - 1. Let s(c) = -v(c) + 3*z(c). What is s(l)?
-12
Let d(t) = 6*t. Suppose 1617*w + 780 = 1605*w. Let i = 196 - 132. Let r = i + w. What is d(r)?
-6
Let r(z) = 15*z**2 + 27*z + 15. Let b(q) = -32*q**2 - 58*q - 34. Let x(w) = -7*b(w) - 15*r(w). What is x(-6)?
-29
Let k(y) = y**2 - 2*y - 4. Suppose -37 = f - 41. Let l be k(f). Let r(i) = i + 1 - 2 - 2*i. Calculate r(l).
-5
Let b(o) = -4 - 4*o**3 - 7*o - 2*o**3 + 9*o**3 - 2*o**3 + 4*o**2. Suppose 100*p = 104*p - 88. Suppose -4*j - 4 = -4*k, -2*j - 8 = 5*k + p. Calculate b(j).
6
Suppose 233*o - 289 = 643. Let k(w) be the third derivative of 1/24*w**o - 12*w**2 + 0 + 0*w - 2/3*w**3. Determine k(7).
3
Let v(k) = 12*k - 7. Let f = 12073 + -12074. Calculate v(f).
-19
Let u(s) = -6*s + 17. Let k(n) = 434*n + 4. Let t be k(0). Determine u(t).
-7
Let o(m) = m**3 + 23*m**2 - 24*m + 3. Let s = -215 - -191. Determine o(s).
3
Let x = 546 - 539. Suppose -r + x = -3*s, -4*r + 3*s - 2*s = 16. Let f(d) = 6*d - 3. Calculate f(r).
-33
Let l(v) = v**3 + 6*v**2 - 9*v - 9. Suppose 64 + 40 = -4*c + 4*r, 5*r + 100 = -5*c. Let b be 7*1*(22 + c). Calculate l(b).
5
Suppose m + 1 + 3 = t, 0 = -5*t - 2*m + 6. Let f(r) = 14 + 30*r**2 - 55*r**t + 26*r**2 + 2*r + 6*r. Determine f(-7).
7
Let l(f) = -f**2 + 15*f + 33. Let s be l(17). Let n(u) = -8*u**3 + 20 - 21 - 69*u + 69*u. Calculate n(s).
7
Let l(g) = -8*g**3 - 4*g**2 - 7*g - 290. Let c(t) = -17*t**3 - 9*t**2 - 14*t - 631. Let b(s) = 6*c(s) - 13*l(s). Calculate b(2).
6
Let w(i) be the second derivative of -i**4/12 - i**3/3 + 7*i**2/2 - 3028*i. Calculate w(5).
-28
Let x(s) be the first derivative of -s**3/3 + 2*s + 13606. Let j = 13 - 19. Determine x(j).
-34
Let f(x) = 71*x - 2. Let d be f(-1). Let s = 81 + d. L